Last updated on 2024-05-15 23:57:14 CEST.
Flavor | Version | Tinstall | Tcheck | Ttotal | Status | Flags |
---|---|---|---|---|---|---|
r-devel-linux-x86_64-debian-clang | 1.2.1 | 12.67 | 43.48 | 56.15 | OK | |
r-devel-linux-x86_64-debian-gcc | 1.2.1 | 5.96 | 33.99 | 39.95 | OK | |
r-devel-linux-x86_64-fedora-clang | 1.2.1 | 71.20 | NOTE | |||
r-devel-linux-x86_64-fedora-gcc | 1.2.1 | 80.07 | NOTE | |||
r-devel-windows-x86_64 | 1.2.1 | 10.00 | 73.00 | 83.00 | OK | |
r-patched-linux-x86_64 | 1.2.1 | 9.23 | 43.40 | 52.63 | OK | |
r-release-linux-x86_64 | 1.2.1 | 7.32 | 42.92 | 50.24 | OK | |
r-release-macos-arm64 | 1.2.1 | 31.00 | OK | |||
r-release-windows-x86_64 | 1.2.1 | 9.00 | 79.00 | 88.00 | OK | |
r-oldrel-macos-arm64 | 1.2.1 | 35.00 | OK | |||
r-oldrel-macos-x86_64 | 1.2.1 | 47.00 | OK | |||
r-oldrel-windows-x86_64 | 1.2.1 | 10.00 | 68.00 | 78.00 | OK |
Version: 1.2.1
Check: compiled code
Result: NOTE
File ‘AlgDesign/libs/AlgDesign.so’:
Found no calls to: ‘R_registerRoutines’, ‘R_useDynamicSymbols’
It is good practice to register native routines and to disable symbol
search.
See ‘Writing portable packages’ in the ‘Writing R Extensions’ manual.
Flavors: r-devel-linux-x86_64-fedora-clang, r-devel-linux-x86_64-fedora-gcc