Last updated on 2024-05-15 23:57:16 CEST.
Flavor | Version | Tinstall | Tcheck | Ttotal | Status | Flags |
---|---|---|---|---|---|---|
r-devel-linux-x86_64-debian-clang | 0.1.4 | 37.04 | 33.03 | 70.07 | NOTE | |
r-devel-linux-x86_64-debian-gcc | 0.1.4 | 33.08 | 25.40 | 58.48 | NOTE | |
r-devel-linux-x86_64-fedora-clang | 0.1.4 | 103.68 | NOTE | |||
r-devel-linux-x86_64-fedora-gcc | 0.1.4 | 103.59 | NOTE | |||
r-devel-windows-x86_64 | 0.1.4 | 32.00 | 74.00 | 106.00 | NOTE | |
r-patched-linux-x86_64 | 0.1.4 | 38.59 | 32.35 | 70.94 | NOTE | |
r-release-linux-x86_64 | 0.1.4 | 43.04 | 31.87 | 74.91 | NOTE | |
r-release-macos-arm64 | 0.1.4 | 28.00 | NOTE | |||
r-release-windows-x86_64 | 0.1.4 | 33.00 | 70.00 | 103.00 | NOTE | |
r-oldrel-macos-arm64 | 0.1.4 | 30.00 | NOTE | |||
r-oldrel-macos-x86_64 | 0.1.4 | 51.00 | NOTE | |||
r-oldrel-windows-x86_64 | 0.1.4 | 39.00 | 79.00 | 118.00 | NOTE |
Version: 0.1.4
Check: C++ specification
Result: NOTE
Specified C++11: please drop specification unless essential
Flavors: r-devel-linux-x86_64-debian-clang, r-devel-linux-x86_64-debian-gcc, r-devel-linux-x86_64-fedora-clang, r-devel-linux-x86_64-fedora-gcc, r-devel-windows-x86_64, r-patched-linux-x86_64, r-release-linux-x86_64, r-release-macos-arm64, r-release-windows-x86_64, r-oldrel-macos-arm64, r-oldrel-macos-x86_64, r-oldrel-windows-x86_64
Version: 0.1.4
Check: package subdirectories
Result: NOTE
Problems with news in ‘NEWS.md’:
No news entries found.
Flavors: r-devel-linux-x86_64-debian-clang, r-devel-linux-x86_64-debian-gcc, r-devel-linux-x86_64-fedora-clang, r-devel-linux-x86_64-fedora-gcc, r-devel-windows-x86_64, r-patched-linux-x86_64, r-release-linux-x86_64, r-release-macos-arm64, r-release-windows-x86_64, r-oldrel-macos-arm64, r-oldrel-macos-x86_64, r-oldrel-windows-x86_64