Last updated on 2024-05-15 23:57:17 CEST.
Flavor | Version | Tinstall | Tcheck | Ttotal | Status | Flags |
---|---|---|---|---|---|---|
r-devel-linux-x86_64-debian-clang | 0.1.1 | 4.17 | 148.71 | 152.88 | NOTE | |
r-devel-linux-x86_64-debian-gcc | 0.1.1 | 3.31 | 103.46 | 106.77 | NOTE | |
r-devel-linux-x86_64-fedora-clang | 0.1.1 | 182.64 | NOTE | |||
r-devel-linux-x86_64-fedora-gcc | 0.1.1 | 190.57 | NOTE | |||
r-devel-windows-x86_64 | 0.1.1 | 5.00 | 133.00 | 138.00 | NOTE | |
r-patched-linux-x86_64 | 0.1.1 | 3.10 | 142.25 | 145.35 | NOTE | |
r-release-linux-x86_64 | 0.1.1 | 2.53 | 138.61 | 141.14 | NOTE | |
r-release-macos-arm64 | 0.1.1 | 49.00 | NOTE | |||
r-release-windows-x86_64 | 0.1.1 | 5.00 | 134.00 | 139.00 | NOTE | |
r-oldrel-macos-arm64 | 0.1.1 | 49.00 | NOTE | |||
r-oldrel-macos-x86_64 | 0.1.1 | 90.00 | NOTE | |||
r-oldrel-windows-x86_64 | 0.1.1 | 5.00 | 150.00 | 155.00 | NOTE |
Version: 0.1.1
Check: LazyData
Result: NOTE
'LazyData' is specified without a 'data' directory
Flavors: r-devel-linux-x86_64-debian-clang, r-devel-linux-x86_64-debian-gcc, r-devel-linux-x86_64-fedora-clang, r-devel-linux-x86_64-fedora-gcc, r-devel-windows-x86_64, r-patched-linux-x86_64, r-release-linux-x86_64, r-release-macos-arm64, r-release-windows-x86_64, r-oldrel-macos-arm64, r-oldrel-macos-x86_64, r-oldrel-windows-x86_64