Last updated on 2024-05-15 23:57:18 CEST.
Flavor | Version | Tinstall | Tcheck | Ttotal | Status | Flags |
---|---|---|---|---|---|---|
r-devel-linux-x86_64-debian-clang | 0.1.0 | 9.61 | 113.60 | 123.21 | NOTE | |
r-devel-linux-x86_64-debian-gcc | 0.1.0 | 8.21 | 83.09 | 91.30 | NOTE | |
r-devel-linux-x86_64-fedora-clang | 0.1.0 | 156.13 | NOTE | |||
r-devel-linux-x86_64-fedora-gcc | 0.1.0 | 150.41 | NOTE | |||
r-devel-windows-x86_64 | 0.1.0 | 11.00 | 95.00 | 106.00 | NOTE | |
r-patched-linux-x86_64 | 0.1.0 | 13.05 | 109.03 | 122.08 | NOTE | |
r-release-linux-x86_64 | 0.1.0 | 9.73 | 106.98 | 116.71 | NOTE | |
r-release-macos-arm64 | 0.1.0 | 40.00 | NOTE | |||
r-release-windows-x86_64 | 0.1.0 | 11.00 | 96.00 | 107.00 | NOTE | |
r-oldrel-macos-arm64 | 0.1.0 | 31.00 | NOTE | |||
r-oldrel-macos-x86_64 | 0.1.0 | 55.00 | NOTE | |||
r-oldrel-windows-x86_64 | 0.1.0 | 15.00 | 113.00 | 128.00 | NOTE |
Version: 0.1.0
Check: LazyData
Result: NOTE
'LazyData' is specified without a 'data' directory
Flavors: r-devel-linux-x86_64-debian-clang, r-devel-linux-x86_64-debian-gcc, r-devel-linux-x86_64-fedora-clang, r-devel-linux-x86_64-fedora-gcc, r-devel-windows-x86_64, r-patched-linux-x86_64, r-release-linux-x86_64, r-release-macos-arm64, r-release-windows-x86_64, r-oldrel-macos-arm64, r-oldrel-macos-x86_64, r-oldrel-windows-x86_64