Last updated on 2024-05-14 23:58:00 CEST.
Flavor | Version | Tinstall | Tcheck | Ttotal | Status | Flags |
---|---|---|---|---|---|---|
r-devel-linux-x86_64-debian-clang | 1.1.1 | 53.66 | 32.00 | 85.66 | NOTE | |
r-devel-linux-x86_64-debian-gcc | 1.1.1 | 42.10 | 23.88 | 65.98 | NOTE | |
r-devel-linux-x86_64-fedora-clang | 1.1.1 | 109.85 | NOTE | |||
r-devel-linux-x86_64-fedora-gcc | 1.1.1 | 123.00 | NOTE | |||
r-devel-windows-x86_64 | 1.1.1 | 39.00 | 72.00 | 111.00 | NOTE | |
r-patched-linux-x86_64 | 1.1.1 | 47.99 | 30.31 | 78.30 | NOTE | |
r-release-linux-x86_64 | 1.1.1 | 54.57 | 29.79 | 84.36 | NOTE | |
r-release-macos-arm64 | 1.1.1 | 32.00 | NOTE | |||
r-release-windows-x86_64 | 1.1.1 | 39.00 | 71.00 | 110.00 | NOTE | |
r-oldrel-macos-arm64 | 1.1.1 | 33.00 | NOTE | |||
r-oldrel-macos-x86_64 | 1.1.1 | 61.00 | NOTE | |||
r-oldrel-windows-x86_64 | 1.1.1 | 40.00 | 75.00 | 115.00 | NOTE |
Version: 1.1.1
Check: C++ specification
Result: NOTE
Specified C++11: please drop specification unless essential
Flavors: r-devel-linux-x86_64-debian-clang, r-devel-linux-x86_64-debian-gcc, r-devel-linux-x86_64-fedora-clang, r-devel-linux-x86_64-fedora-gcc, r-patched-linux-x86_64, r-release-linux-x86_64, r-release-macos-arm64, r-oldrel-macos-arm64, r-oldrel-macos-x86_64
Version: 1.1.1
Check: LazyData
Result: NOTE
'LazyData' is specified without a 'data' directory
Flavors: r-devel-linux-x86_64-debian-clang, r-devel-linux-x86_64-debian-gcc, r-devel-linux-x86_64-fedora-clang, r-devel-linux-x86_64-fedora-gcc, r-devel-windows-x86_64, r-patched-linux-x86_64, r-release-linux-x86_64, r-release-macos-arm64, r-release-windows-x86_64, r-oldrel-macos-arm64, r-oldrel-macos-x86_64, r-oldrel-windows-x86_64
Version: 1.1.1
Check: compiled code
Result: NOTE
File ‘CoxPlus/libs/CoxPlus.so’:
Found no calls to: ‘R_registerRoutines’, ‘R_useDynamicSymbols’
It is good practice to register native routines and to disable symbol
search.
See ‘Writing portable packages’ in the ‘Writing R Extensions’ manual.
Flavors: r-devel-linux-x86_64-fedora-clang, r-devel-linux-x86_64-fedora-gcc
Version: 1.1.1
Check: installed package size
Result: NOTE
installed size is 6.6Mb
sub-directories of 1Mb or more:
libs 6.5Mb
Flavors: r-release-macos-arm64, r-oldrel-macos-arm64, r-oldrel-macos-x86_64