Last updated on 2024-05-14 23:58:02 CEST.
Flavor | Version | Tinstall | Tcheck | Ttotal | Status | Flags |
---|---|---|---|---|---|---|
r-devel-linux-x86_64-debian-clang | 1.1 | 3.38 | 35.69 | 39.07 | NOTE | |
r-devel-linux-x86_64-debian-gcc | 1.1 | 2.28 | 26.47 | 28.75 | NOTE | |
r-devel-linux-x86_64-fedora-clang | 1.1 | 48.51 | NOTE | |||
r-devel-linux-x86_64-fedora-gcc | 1.1 | 45.08 | NOTE | |||
r-devel-windows-x86_64 | 1.1 | 4.00 | 50.00 | 54.00 | NOTE | |
r-patched-linux-x86_64 | 1.1 | 3.84 | 33.76 | 37.60 | NOTE | |
r-release-linux-x86_64 | 1.1 | 3.14 | 32.73 | 35.87 | NOTE | |
r-release-macos-arm64 | 1.1 | 18.00 | NOTE | |||
r-release-windows-x86_64 | 1.1 | 5.00 | 57.00 | 62.00 | NOTE | |
r-oldrel-macos-arm64 | 1.1 | 21.00 | OK | |||
r-oldrel-macos-x86_64 | 1.1 | 28.00 | OK | |||
r-oldrel-windows-x86_64 | 1.1 | 5.00 | 51.00 | 56.00 | OK |
Version: 1.1
Check: Rd files
Result: NOTE
checkRd: (-1) DTWBI_univariate.Rd:30: Lost braces in \itemize; \value handles \item{}{} directly
checkRd: (-1) DTWBI_univariate.Rd:31: Lost braces in \itemize; \value handles \item{}{} directly
checkRd: (-1) DTWBI_univariate.Rd:32: Lost braces in \itemize; \value handles \item{}{} directly
checkRd: (-1) DTWBI_univariate.Rd:33: Lost braces in \itemize; \value handles \item{}{} directly
checkRd: (-1) DTWBI_univariate.Rd:34: Lost braces in \itemize; \value handles \item{}{} directly
checkRd: (-1) DTWBI_univariate.Rd:35: Lost braces in \itemize; \value handles \item{}{} directly
checkRd: (-1) DTWBI_univariate.Rd:36: Lost braces in \itemize; \value handles \item{}{} directly
checkRd: (-1) DTWBI_univariate.Rd:37: Lost braces in \itemize; \value handles \item{}{} directly
checkRd: (-1) dist_afbdtw.Rd:20: Lost braces in \itemize; \value handles \item{}{} directly
checkRd: (-1) dist_afbdtw.Rd:21: Lost braces in \itemize; \value handles \item{}{} directly
checkRd: (-1) dist_afbdtw.Rd:22: Lost braces in \itemize; \value handles \item{}{} directly
checkRd: (-1) dist_afbdtw.Rd:23: Lost braces in \itemize; \value handles \item{}{} directly
checkRd: (-1) dist_afbdtw.Rd:24: Lost braces in \itemize; \value handles \item{}{} directly
checkRd: (-1) dist_afbdtw.Rd:25: Lost braces in \itemize; \value handles \item{}{} directly
checkRd: (-1) dist_afbdtw.Rd:26: Lost braces in \itemize; \value handles \item{}{} directly
checkRd: (-1) dist_afbdtw.Rd:27: Lost braces in \itemize; \value handles \item{}{} directly
checkRd: (-1) dist_afbdtw.Rd:28: Lost braces in \itemize; \value handles \item{}{} directly
checkRd: (-1) gapCreation.Rd:19: Lost braces in \itemize; \value handles \item{}{} directly
checkRd: (-1) gapCreation.Rd:20: Lost braces in \itemize; \value handles \item{}{} directly
checkRd: (-1) gapCreation.Rd:21: Lost braces in \itemize; \value handles \item{}{} directly
checkRd: (-1) gapCreation.Rd:22: Lost braces in \itemize; \value handles \item{}{} directly
checkRd: (-1) gapCreation.Rd:23: Lost braces in \itemize; \value handles \item{}{} directly
Flavors: r-devel-linux-x86_64-debian-clang, r-devel-linux-x86_64-debian-gcc, r-devel-linux-x86_64-fedora-clang, r-devel-linux-x86_64-fedora-gcc, r-devel-windows-x86_64, r-patched-linux-x86_64, r-release-linux-x86_64, r-release-macos-arm64, r-release-windows-x86_64