Last updated on 2024-05-14 23:58:03 CEST.
Flavor | Version | Tinstall | Tcheck | Ttotal | Status | Flags |
---|---|---|---|---|---|---|
r-devel-linux-x86_64-debian-clang | 1.0.4 | 398.02 | 45.11 | 443.13 | NOTE | |
r-devel-linux-x86_64-debian-gcc | 1.0.4 | 298.03 | 33.68 | 331.71 | NOTE | |
r-devel-linux-x86_64-fedora-clang | 1.0.4 | 762.72 | NOTE | |||
r-devel-linux-x86_64-fedora-gcc | 1.0.4 | 694.45 | NOTE | |||
r-devel-windows-x86_64 | 1.0.4 | 303.00 | 80.00 | 383.00 | NOTE | |
r-patched-linux-x86_64 | 1.0.4 | 298.15 | 42.03 | 340.18 | NOTE | |
r-release-linux-x86_64 | 1.0.4 | 310.47 | 44.04 | 354.51 | NOTE | |
r-release-macos-arm64 | 1.0.4 | 119.00 | NOTE | |||
r-release-windows-x86_64 | 1.0.4 | 309.00 | 79.00 | 388.00 | NOTE | |
r-oldrel-macos-arm64 | 1.0.4 | 146.00 | NOTE | |||
r-oldrel-macos-x86_64 | 1.0.4 | 250.00 | NOTE | |||
r-oldrel-windows-x86_64 | 1.0.4 | 374.00 | 94.00 | 468.00 | NOTE |
Version: 1.0.4
Check: C++ specification
Result: NOTE
Specified C++11: please drop specification unless essential
Flavors: r-devel-linux-x86_64-debian-clang, r-devel-linux-x86_64-debian-gcc, r-devel-linux-x86_64-fedora-clang, r-devel-linux-x86_64-fedora-gcc, r-devel-windows-x86_64, r-patched-linux-x86_64, r-release-linux-x86_64, r-release-macos-arm64, r-release-windows-x86_64, r-oldrel-macos-arm64, r-oldrel-macos-x86_64, r-oldrel-windows-x86_64
Version: 1.0.4
Check: Rd files
Result: NOTE
checkRd: (-1) minimize.Rd:22: Lost braces in \itemize; meant \describe ?
checkRd: (-1) minimize.Rd:23: Lost braces in \itemize; meant \describe ?
checkRd: (-1) minimize.Rd:24: Lost braces in \itemize; meant \describe ?
checkRd: (-1) minimize.Rd:25: Lost braces in \itemize; meant \describe ?
checkRd: (-1) minimize.Rd:26: Lost braces in \itemize; meant \describe ?
checkRd: (-1) minimize.Rd:27: Lost braces in \itemize; meant \describe ?
checkRd: (-1) minimize.Rd:28: Lost braces in \itemize; meant \describe ?
checkRd: (-1) minimize.Rd:29: Lost braces in \itemize; meant \describe ?
checkRd: (-1) minimize.Rd:30: Lost braces in \itemize; meant \describe ?
checkRd: (-1) minimize.Rd:31: Lost braces in \itemize; meant \describe ?
checkRd: (-1) minimize.Rd:32: Lost braces in \itemize; meant \describe ?
checkRd: (-1) minimize.Rd:33: Lost braces in \itemize; meant \describe ?
Flavors: r-devel-linux-x86_64-debian-clang, r-devel-linux-x86_64-debian-gcc, r-devel-linux-x86_64-fedora-clang, r-devel-linux-x86_64-fedora-gcc, r-devel-windows-x86_64, r-patched-linux-x86_64, r-release-linux-x86_64, r-release-macos-arm64, r-release-windows-x86_64
Version: 1.0.4
Check: installed package size
Result: NOTE
installed size is 8.9Mb
sub-directories of 1Mb or more:
libs 8.5Mb
Flavors: r-release-macos-arm64, r-oldrel-macos-arm64, r-oldrel-macos-x86_64