Last updated on 2024-05-14 23:58:03 CEST.
Flavor | Version | Tinstall | Tcheck | Ttotal | Status | Flags |
---|---|---|---|---|---|---|
r-devel-linux-x86_64-debian-clang | 1.5.0 | 930.08 | 344.35 | 1274.43 | WARN | |
r-devel-linux-x86_64-debian-gcc | 1.5.0 | 880.76 | 306.42 | 1187.18 | WARN | |
r-devel-linux-x86_64-fedora-clang | 1.5.1 | 1697.69 | WARN | |||
r-devel-linux-x86_64-fedora-gcc | 1.5.1 | 2311.08 | WARN | |||
r-devel-windows-x86_64 | 1.5.0 | 497.00 | 360.00 | 857.00 | WARN | |
r-patched-linux-x86_64 | 1.4.0 | 793.12 | 344.36 | 1137.48 | NOTE | |
r-release-linux-x86_64 | 1.5.0 | 860.72 | 391.42 | 1252.14 | WARN | |
r-release-macos-arm64 | 1.5.0 | 404.00 | WARN | |||
r-release-macos-x86_64 | 1.5.1 | 456.00 | WARN | |||
r-release-windows-x86_64 | 1.5.0 | 544.00 | 368.00 | 912.00 | WARN | |
r-oldrel-macos-arm64 | 1.5.0 | 425.00 | WARN | |||
r-oldrel-macos-x86_64 | 1.5.1 | 443.00 | WARN | |||
r-oldrel-windows-x86_64 | 1.5.0 | 527.00 | 376.00 | 903.00 | WARN |
Version: 1.5.0
Check: package dependencies
Result: NOTE
Package suggested but not available for checking: ‘cmdstanr’
Flavors: r-devel-linux-x86_64-debian-clang, r-devel-linux-x86_64-debian-gcc, r-devel-windows-x86_64, r-release-linux-x86_64, r-release-macos-arm64, r-release-windows-x86_64, r-oldrel-macos-arm64, r-oldrel-windows-x86_64
Version: 1.5.0
Check: package subdirectories
Result: WARN
Invalid citation information in ‘inst/CITATION’:
Error in format.default(meta$Date, "%Y"): invalid 'trim' argument
Flavors: r-devel-linux-x86_64-debian-clang, r-devel-linux-x86_64-debian-gcc, r-devel-windows-x86_64, r-release-linux-x86_64, r-release-macos-arm64, r-release-windows-x86_64, r-oldrel-macos-arm64, r-oldrel-windows-x86_64
Version: 1.5.0
Check: Rd cross-references
Result: NOTE
Package unavailable to check Rd xrefs: ‘cmdstanr’
Flavors: r-devel-linux-x86_64-debian-clang, r-devel-linux-x86_64-debian-gcc, r-devel-windows-x86_64, r-release-linux-x86_64, r-release-macos-arm64, r-release-windows-x86_64, r-oldrel-macos-arm64, r-oldrel-windows-x86_64
Version: 1.5.0
Check: for GNU extensions in Makefiles
Result: NOTE
GNU make is a SystemRequirements.
Flavors: r-devel-linux-x86_64-debian-clang, r-devel-linux-x86_64-debian-gcc, r-devel-windows-x86_64, r-release-linux-x86_64, r-release-macos-arm64, r-release-windows-x86_64, r-oldrel-macos-arm64, r-oldrel-windows-x86_64
Version: 1.5.1
Check: package dependencies
Result: NOTE
Package suggested but not available for checking: ‘cmdstanr’
Flavors: r-devel-linux-x86_64-fedora-clang, r-devel-linux-x86_64-fedora-gcc, r-release-macos-x86_64, r-oldrel-macos-x86_64
Version: 1.5.1
Check: installed package size
Result: NOTE
installed size is 14.2Mb
sub-directories of 1Mb or more:
doc 1.8Mb
extdata 2.3Mb
libs 8.6Mb
Flavors: r-devel-linux-x86_64-fedora-clang, r-release-macos-x86_64, r-oldrel-macos-x86_64
Version: 1.5.1
Check: package subdirectories
Result: WARN
Invalid citation information in ‘inst/CITATION’:
Error in format.default(meta$Date, "%Y"): invalid 'trim' argument
Flavors: r-devel-linux-x86_64-fedora-clang, r-devel-linux-x86_64-fedora-gcc, r-release-macos-x86_64, r-oldrel-macos-x86_64
Version: 1.5.1
Check: Rd cross-references
Result: NOTE
Package unavailable to check Rd xrefs: ‘cmdstanr’
Flavors: r-devel-linux-x86_64-fedora-clang, r-devel-linux-x86_64-fedora-gcc, r-release-macos-x86_64, r-oldrel-macos-x86_64
Version: 1.5.1
Check: for GNU extensions in Makefiles
Result: NOTE
GNU make is a SystemRequirements.
Flavors: r-devel-linux-x86_64-fedora-clang, r-devel-linux-x86_64-fedora-gcc, r-release-macos-x86_64, r-oldrel-macos-x86_64
Version: 1.5.0
Check: installed package size
Result: NOTE
installed size is 12.1Mb
sub-directories of 1Mb or more:
doc 1.8Mb
extdata 2.3Mb
libs 6.6Mb
Flavors: r-devel-windows-x86_64, r-release-macos-arm64, r-release-windows-x86_64, r-oldrel-macos-arm64, r-oldrel-windows-x86_64
Version: 1.4.0
Check: for GNU extensions in Makefiles
Result: NOTE
GNU make is a SystemRequirements.
Flavor: r-patched-linux-x86_64