Last updated on 2024-05-15 23:57:20 CEST.
Flavor | Version | Tinstall | Tcheck | Ttotal | Status | Flags |
---|---|---|---|---|---|---|
r-devel-linux-x86_64-debian-clang | 1.0.1 | 98.50 | 48.02 | 146.52 | OK | |
r-devel-linux-x86_64-debian-gcc | 1.0.1 | 74.71 | 35.88 | 110.59 | OK | |
r-devel-linux-x86_64-fedora-clang | 1.0.1 | 206.66 | OK | |||
r-devel-linux-x86_64-fedora-gcc | 1.0.1 | 215.13 | OK | |||
r-devel-windows-x86_64 | 1.0.1 | 74.00 | 89.00 | 163.00 | OK | |
r-patched-linux-x86_64 | 1.0.1 | 86.76 | 46.56 | 133.32 | OK | |
r-release-linux-x86_64 | 1.0.1 | 93.03 | 45.34 | 138.37 | OK | |
r-release-macos-arm64 | 1.0.1 | 44.00 | OK | |||
r-release-macos-x86_64 | 1.0.1 | 60.00 | OK | |||
r-release-windows-x86_64 | 1.0.1 | 73.00 | 85.00 | 158.00 | OK | |
r-oldrel-macos-arm64 | 1.0.1 | 5.00 | ERROR | |||
r-oldrel-macos-x86_64 | 1.0.1 | 90.00 | OK | |||
r-oldrel-windows-x86_64 | 1.0.1 | 89.00 | 91.00 | 180.00 | OK |
Version: 1.0.1
Check: package dependencies
Result: ERROR
Package required but not available: ‘PSCBS’
See section ‘The DESCRIPTION file’ in the ‘Writing R Extensions’
manual.
Flavor: r-oldrel-macos-arm64