Last updated on 2024-05-15 23:57:21 CEST.
Flavor | Version | Tinstall | Tcheck | Ttotal | Status | Flags |
---|---|---|---|---|---|---|
r-devel-linux-x86_64-debian-clang | 0.1.4 | 2.97 | 34.10 | 37.07 | NOTE | |
r-devel-linux-x86_64-debian-gcc | 0.1.4 | 2.21 | 25.20 | 27.41 | NOTE | |
r-devel-linux-x86_64-fedora-clang | 0.1.4 | 48.83 | NOTE | |||
r-devel-linux-x86_64-fedora-gcc | 0.1.4 | 48.39 | NOTE | |||
r-devel-windows-x86_64 | 0.1.4 | 4.00 | 55.00 | 59.00 | NOTE | |
r-patched-linux-x86_64 | 0.1.4 | 4.62 | 32.67 | 37.29 | NOTE | |
r-release-linux-x86_64 | 0.1.4 | 3.36 | 31.49 | 34.85 | NOTE | |
r-release-macos-arm64 | 0.1.4 | 17.00 | NOTE | |||
r-release-windows-x86_64 | 0.1.4 | 4.00 | 56.00 | 60.00 | NOTE | |
r-oldrel-macos-arm64 | 0.1.4 | 22.00 | NOTE | |||
r-oldrel-macos-x86_64 | 0.1.4 | 25.00 | NOTE | |||
r-oldrel-windows-x86_64 | 0.1.4 | 4.00 | 55.00 | 59.00 | NOTE |
Version: 0.1.4
Check: package dependencies
Result: NOTE
Package suggested but not available for checking: ‘cec2013’
Flavors: r-devel-linux-x86_64-debian-clang, r-devel-linux-x86_64-debian-gcc, r-devel-linux-x86_64-fedora-clang, r-devel-linux-x86_64-fedora-gcc, r-devel-windows-x86_64, r-patched-linux-x86_64, r-release-linux-x86_64, r-release-macos-arm64, r-release-windows-x86_64, r-oldrel-macos-arm64, r-oldrel-macos-x86_64, r-oldrel-windows-x86_64