Last updated on 2024-05-15 23:57:22 CEST.
Flavor | Version | Tinstall | Tcheck | Ttotal | Status | Flags |
---|---|---|---|---|---|---|
r-devel-linux-x86_64-debian-clang | 2.2.1 | 15.97 | 194.74 | 210.71 | OK | |
r-devel-linux-x86_64-debian-gcc | 2.2.1 | 11.08 | 135.77 | 146.85 | NOTE | |
r-devel-linux-x86_64-fedora-clang | 2.2.1 | 254.88 | OK | |||
r-devel-linux-x86_64-fedora-gcc | 2.2.1 | 269.23 | OK | |||
r-devel-windows-x86_64 | 2.2.1 | 14.00 | 164.00 | 178.00 | OK | |
r-patched-linux-x86_64 | 2.2.1 | 15.60 | 183.73 | 199.33 | OK | |
r-release-linux-x86_64 | 2.2.1 | 14.99 | 184.44 | 199.43 | OK | |
r-release-macos-arm64 | 2.2.1 | 83.00 | OK | |||
r-release-macos-x86_64 | 2.2.1 | 352.00 | OK | |||
r-release-windows-x86_64 | 2.2.1 | 15.00 | 163.00 | 178.00 | OK | |
r-oldrel-macos-arm64 | 2.2.1 | 82.00 | OK | |||
r-oldrel-macos-x86_64 | 2.2.1 | 215.00 | OK | |||
r-oldrel-windows-x86_64 | 2.2.1 | 20.00 | 206.00 | 226.00 | OK |
Version: 2.2.1
Check: package dependencies
Result: NOTE
Package suggested but not available for checking: ‘intergraph’
Flavor: r-devel-linux-x86_64-debian-gcc