Last updated on 2024-05-14 23:58:09 CEST.
Flavor | Version | Tinstall | Tcheck | Ttotal | Status | Flags |
---|---|---|---|---|---|---|
r-devel-linux-x86_64-debian-clang | 1.0.0 | 5.05 | 34.32 | 39.37 | NOTE | |
r-devel-linux-x86_64-debian-gcc | 1.0.0 | 4.35 | 25.66 | 30.01 | NOTE | |
r-devel-linux-x86_64-fedora-clang | 1.0.0 | 50.74 | NOTE | |||
r-devel-linux-x86_64-fedora-gcc | 1.0.0 | 47.08 | NOTE | |||
r-devel-windows-x86_64 | 1.0.0 | 6.00 | 47.00 | 53.00 | NOTE | |
r-patched-linux-x86_64 | 1.0.0 | 5.24 | 33.03 | 38.27 | NOTE | |
r-release-linux-x86_64 | 1.0.0 | 3.86 | 33.70 | 37.56 | NOTE | |
r-release-macos-arm64 | 1.0.0 | 19.00 | NOTE | |||
r-release-windows-x86_64 | 1.0.0 | 6.00 | 46.00 | 52.00 | NOTE | |
r-oldrel-macos-arm64 | 1.0.0 | 22.00 | NOTE | |||
r-oldrel-macos-x86_64 | 1.0.0 | 27.00 | NOTE | |||
r-oldrel-windows-x86_64 | 1.0.0 | 7.00 | 48.00 | 55.00 | NOTE |
Version: 1.0.0
Check: LazyData
Result: NOTE
'LazyData' is specified without a 'data' directory
Flavors: r-devel-linux-x86_64-debian-clang, r-devel-linux-x86_64-debian-gcc, r-devel-linux-x86_64-fedora-clang, r-devel-linux-x86_64-fedora-gcc, r-devel-windows-x86_64, r-patched-linux-x86_64, r-release-linux-x86_64, r-release-macos-arm64, r-release-windows-x86_64, r-oldrel-macos-arm64, r-oldrel-macos-x86_64, r-oldrel-windows-x86_64