Last updated on 2024-05-14 23:58:09 CEST.
Flavor | Version | Tinstall | Tcheck | Ttotal | Status | Flags |
---|---|---|---|---|---|---|
r-devel-linux-x86_64-debian-clang | 1.0 | 1.74 | 25.30 | 27.04 | NOTE | |
r-devel-linux-x86_64-debian-gcc | 1.0 | 1.48 | 18.72 | 20.20 | NOTE | |
r-devel-linux-x86_64-fedora-clang | 1.0 | 33.21 | NOTE | |||
r-devel-linux-x86_64-fedora-gcc | 1.0 | 35.74 | NOTE | |||
r-devel-windows-x86_64 | 1.0 | 2.00 | 37.00 | 39.00 | NOTE | |
r-patched-linux-x86_64 | 1.0 | 1.59 | 23.77 | 25.36 | NOTE | |
r-release-linux-x86_64 | 1.0 | 1.34 | 24.36 | 25.70 | NOTE | |
r-release-macos-arm64 | 1.0 | 13.00 | NOTE | |||
r-release-windows-x86_64 | 1.0 | 3.00 | 36.00 | 39.00 | NOTE | |
r-oldrel-macos-arm64 | 1.0 | 14.00 | NOTE | |||
r-oldrel-macos-x86_64 | 1.0 | 20.00 | NOTE | |||
r-oldrel-windows-x86_64 | 1.0 | 2.00 | 36.00 | 38.00 | NOTE |
Version: 1.0
Check: LazyData
Result: NOTE
'LazyData' is specified without a 'data' directory
Flavors: r-devel-linux-x86_64-debian-clang, r-devel-linux-x86_64-debian-gcc, r-devel-linux-x86_64-fedora-clang, r-devel-linux-x86_64-fedora-gcc, r-devel-windows-x86_64, r-patched-linux-x86_64, r-release-linux-x86_64, r-release-macos-arm64, r-release-windows-x86_64, r-oldrel-macos-arm64, r-oldrel-macos-x86_64, r-oldrel-windows-x86_64