Last updated on 2024-05-15 23:57:35 CEST.
Flavor | Version | Tinstall | Tcheck | Ttotal | Status | Flags |
---|---|---|---|---|---|---|
r-devel-linux-x86_64-debian-clang | 0.4 | 4.77 | 49.26 | 54.03 | NOTE | |
r-devel-linux-x86_64-debian-gcc | 0.4 | 3.28 | 37.32 | 40.60 | NOTE | |
r-devel-linux-x86_64-fedora-clang | 0.4 | 66.06 | NOTE | |||
r-devel-linux-x86_64-fedora-gcc | 0.4 | 66.54 | NOTE | |||
r-devel-windows-x86_64 | 0.4 | 5.00 | 67.00 | 72.00 | OK | |
r-patched-linux-x86_64 | 0.4 | 2.93 | 47.77 | 50.70 | NOTE | |
r-release-linux-x86_64 | 0.4 | 2.80 | 47.16 | 49.96 | NOTE | |
r-release-macos-arm64 | 0.4 | 27.00 | OK | |||
r-release-windows-x86_64 | 0.4 | 6.00 | 68.00 | 74.00 | OK | |
r-oldrel-macos-arm64 | 0.4 | 25.00 | OK | |||
r-oldrel-macos-x86_64 | 0.4 | 43.00 | OK | |||
r-oldrel-windows-x86_64 | 0.4 | 6.00 | 71.00 | 77.00 | OK |
Version: 0.4
Check: for non-standard things in the check directory
Result: NOTE
Found the following files/directories:
‘data.csv’
Flavors: r-devel-linux-x86_64-debian-clang, r-devel-linux-x86_64-debian-gcc, r-devel-linux-x86_64-fedora-clang, r-devel-linux-x86_64-fedora-gcc, r-patched-linux-x86_64, r-release-linux-x86_64