Last updated on 2024-05-14 23:58:17 CEST.
Flavor | Version | Tinstall | Tcheck | Ttotal | Status | Flags |
---|---|---|---|---|---|---|
r-devel-linux-x86_64-debian-clang | 0.1.6 | 2.76 | 35.30 | 38.06 | NOTE | |
r-devel-linux-x86_64-debian-gcc | 0.1.6 | 1.84 | 26.80 | 28.64 | NOTE | |
r-devel-linux-x86_64-fedora-clang | 0.1.6 | 48.08 | NOTE | |||
r-devel-linux-x86_64-fedora-gcc | 0.1.6 | 62.59 | NOTE | |||
r-devel-windows-x86_64 | 0.1.6 | 4.00 | 57.00 | 61.00 | NOTE | |
r-patched-linux-x86_64 | 0.1.6 | 3.44 | 32.84 | 36.28 | NOTE | |
r-release-linux-x86_64 | 0.1.6 | 1.82 | 32.29 | 34.11 | NOTE | |
r-release-macos-arm64 | 0.1.6 | 26.00 | NOTE | |||
r-release-windows-x86_64 | 0.1.6 | 3.00 | 57.00 | 60.00 | NOTE | |
r-oldrel-macos-arm64 | 0.1.6 | 27.00 | NOTE | |||
r-oldrel-macos-x86_64 | 0.1.6 | 33.00 | NOTE | |||
r-oldrel-windows-x86_64 | 0.1.6 | 4.00 | 55.00 | 59.00 | NOTE |
Version: 0.1.6
Check: LazyData
Result: NOTE
'LazyData' is specified without a 'data' directory
Flavors: r-devel-linux-x86_64-debian-clang, r-devel-linux-x86_64-debian-gcc, r-devel-linux-x86_64-fedora-clang, r-devel-linux-x86_64-fedora-gcc, r-devel-windows-x86_64, r-patched-linux-x86_64, r-release-linux-x86_64, r-release-macos-arm64, r-release-windows-x86_64, r-oldrel-macos-arm64, r-oldrel-macos-x86_64, r-oldrel-windows-x86_64