Last updated on 2024-05-14 23:58:22 CEST.
Flavor | Version | Tinstall | Tcheck | Ttotal | Status | Flags |
---|---|---|---|---|---|---|
r-devel-linux-x86_64-debian-clang | 0.4.1 | 38.73 | 42.03 | 80.76 | NOTE | |
r-devel-linux-x86_64-debian-gcc | 0.4.1 | 37.66 | 32.21 | 69.87 | NOTE | |
r-devel-linux-x86_64-fedora-clang | 0.4.1 | 111.67 | NOTE | |||
r-devel-linux-x86_64-fedora-gcc | 0.4.1 | 246.04 | NOTE | |||
r-devel-windows-x86_64 | 0.4.1 | 33.00 | 92.00 | 125.00 | NOTE | |
r-patched-linux-x86_64 | 0.4.1 | 49.65 | 42.50 | 92.15 | NOTE | |
r-release-linux-x86_64 | 0.4.1 | 44.36 | 41.79 | 86.15 | NOTE | |
r-release-macos-arm64 | 0.4.1 | 32.00 | NOTE | |||
r-release-windows-x86_64 | 0.4.1 | 34.00 | 82.00 | 116.00 | NOTE | |
r-oldrel-macos-arm64 | 0.4.1 | 37.00 | NOTE | |||
r-oldrel-macos-x86_64 | 0.4.1 | 56.00 | NOTE | |||
r-oldrel-windows-x86_64 | 0.4.1 | 39.00 | 219.00 | 258.00 | NOTE |
Version: 0.4.1
Check: C++ specification
Result: NOTE
Specified C++11: please drop specification unless essential
Flavors: r-devel-linux-x86_64-debian-clang, r-devel-linux-x86_64-debian-gcc, r-devel-linux-x86_64-fedora-clang, r-devel-linux-x86_64-fedora-gcc, r-devel-windows-x86_64, r-patched-linux-x86_64, r-release-linux-x86_64, r-release-macos-arm64, r-release-windows-x86_64, r-oldrel-macos-arm64, r-oldrel-macos-x86_64, r-oldrel-windows-x86_64
Version: 0.4.1
Check: Rd files
Result: NOTE
checkRd: (-1) CompareAll-function.rd:27: Lost braces in \itemize; meant \describe ?
checkRd: (-1) CompareAll-function.rd:28: Lost braces in \itemize; meant \describe ?
checkRd: (-1) CompareAll-function.rd:69: Lost braces in \itemize; \value handles \item{}{} directly
checkRd: (-1) CompareAll-function.rd:70: Lost braces in \itemize; \value handles \item{}{} directly
checkRd: (-1) CompareAll-function.rd:71: Lost braces in \itemize; \value handles \item{}{} directly
checkRd: (-1) CompareAll-function.rd:72: Lost braces in \itemize; \value handles \item{}{} directly
checkRd: (-1) CompareAll-function.rd:73: Lost braces in \itemize; \value handles \item{}{} directly
checkRd: (-1) CompareAll-function.rd:74: Lost braces in \itemize; \value handles \item{}{} directly
checkRd: (-1) CompareOneToMany-function.rd:27: Lost braces in \itemize; meant \describe ?
checkRd: (-1) CompareOneToMany-function.rd:28: Lost braces in \itemize; meant \describe ?
checkRd: (-1) CompareOneToMany-function.rd:34: Lost braces in \itemize; meant \describe ?
checkRd: (-1) CompareOneToMany-function.rd:35: Lost braces in \itemize; meant \describe ?
checkRd: (-1) CompareOneToMany-function.rd:74: Lost braces in \itemize; \value handles \item{}{} directly
checkRd: (-1) CompareOneToMany-function.rd:75: Lost braces in \itemize; \value handles \item{}{} directly
checkRd: (-1) CompareOneToMany-function.rd:76: Lost braces in \itemize; \value handles \item{}{} directly
checkRd: (-1) CompareOneToMany-function.rd:77: Lost braces in \itemize; \value handles \item{}{} directly
checkRd: (-1) CompareOneToMany-function.rd:78: Lost braces in \itemize; \value handles \item{}{} directly
checkRd: (-1) CompareOneToMany-function.rd:79: Lost braces in \itemize; \value handles \item{}{} directly
checkRd: (-1) CompareOneToOne-function.rd:27: Lost braces in \itemize; meant \describe ?
checkRd: (-1) CompareOneToOne-function.rd:28: Lost braces in \itemize; meant \describe ?
checkRd: (-1) CompareOneToOne-function.rd:34: Lost braces in \itemize; meant \describe ?
checkRd: (-1) CompareOneToOne-function.rd:35: Lost braces in \itemize; meant \describe ?
checkRd: (-1) CompareOneToOne-function.rd:89: Lost braces in \itemize; \value handles \item{}{} directly
checkRd: (-1) CompareOneToOne-function.rd:90: Lost braces in \itemize; \value handles \item{}{} directly
checkRd: (-1) CompareOneToOne-function.rd:91: Lost braces in \itemize; \value handles \item{}{} directly
checkRd: (-1) CompareOneToOne-function.rd:92: Lost braces in \itemize; \value handles \item{}{} directly
checkRd: (-1) CompareOneToOne-function.rd:93: Lost braces in \itemize; \value handles \item{}{} directly
checkRd: (-1) CompareOneToOne-function.rd:94: Lost braces in \itemize; \value handles \item{}{} directly
checkRd: (-1) FocusArea-function.rd:36: Lost braces in \itemize; meant \describe ?
checkRd: (-1) FocusArea-function.rd:37: Lost braces in \itemize; meant \describe ?
checkRd: (-1) FocusArea-function.rd:43: Lost braces in \itemize; meant \describe ?
checkRd: (-1) FocusArea-function.rd:44: Lost braces in \itemize; meant \describe ?
checkRd: (-1) FocusArea-function.rd:82: Lost braces in \itemize; \value handles \item{}{} directly
checkRd: (-1) FocusArea-function.rd:83: Lost braces in \itemize; \value handles \item{}{} directly
checkRd: (-1) FocusArea-function.rd:84: Lost braces in \itemize; \value handles \item{}{} directly
checkRd: (-1) FocusArea-function.rd:85: Lost braces in \itemize; \value handles \item{}{} directly
checkRd: (-1) FocusArea-function.rd:86: Lost braces in \itemize; \value handles \item{}{} directly
checkRd: (-1) FocusArea-function.rd:87: Lost braces in \itemize; \value handles \item{}{} directly
Flavors: r-devel-linux-x86_64-debian-clang, r-devel-linux-x86_64-debian-gcc, r-devel-linux-x86_64-fedora-clang, r-devel-linux-x86_64-fedora-gcc, r-devel-windows-x86_64, r-patched-linux-x86_64, r-release-linux-x86_64, r-release-macos-arm64, r-release-windows-x86_64
Version: 0.4.1
Check: installed package size
Result: NOTE
installed size is 5.9Mb
sub-directories of 1Mb or more:
libs 5.5Mb
Flavors: r-release-macos-arm64, r-oldrel-macos-arm64, r-oldrel-macos-x86_64