Last updated on 2024-05-14 23:57:56 CEST.
Flavor | Version | Tinstall | Tcheck | Ttotal | Status | Flags |
---|---|---|---|---|---|---|
r-devel-linux-x86_64-debian-clang | 1.1.2 | 16.78 | 23.74 | 40.52 | OK | |
r-devel-linux-x86_64-debian-gcc | 1.1.2 | 12.53 | 18.94 | 31.47 | OK | |
r-devel-linux-x86_64-fedora-clang | 1.1.2 | 53.69 | NOTE | |||
r-devel-linux-x86_64-fedora-gcc | 1.1.2 | 55.60 | NOTE | |||
r-devel-windows-x86_64 | 1.1.2 | 16.00 | 39.00 | 55.00 | OK | |
r-patched-linux-x86_64 | 1.1.2 | 15.98 | 23.82 | 39.80 | OK | |
r-release-linux-x86_64 | 1.1.2 | 16.57 | 22.90 | 39.47 | OK | |
r-release-macos-arm64 | 1.1.2 | 26.00 | OK | |||
r-release-windows-x86_64 | 1.1.2 | 16.00 | 38.00 | 54.00 | OK | |
r-oldrel-macos-arm64 | 1.1.2 | 30.00 | OK | |||
r-oldrel-macos-x86_64 | 1.1.2 | 35.00 | OK | |||
r-oldrel-windows-x86_64 | 1.1.2 | 17.00 | 40.00 | 57.00 | OK |
Version: 1.1.2
Check: data for non-ASCII characters
Result: NOTE
Note: found 134469 marked UTF-8 strings
Flavors: r-devel-linux-x86_64-fedora-clang, r-devel-linux-x86_64-fedora-gcc