Last updated on 2024-05-14 23:57:57 CEST.
Flavor | Version | Tinstall | Tcheck | Ttotal | Status | Flags |
---|---|---|---|---|---|---|
r-devel-linux-x86_64-debian-clang | 1.3.3 | 836.01 | 482.04 | 1318.05 | NOTE | |
r-devel-linux-x86_64-debian-gcc | 1.3.3 | 723.26 | 413.99 | 1137.25 | NOTE | |
r-devel-linux-x86_64-fedora-clang | 1.3.3 | 1622.60 | NOTE | |||
r-devel-linux-x86_64-fedora-gcc | 1.3.3 | 2174.88 | NOTE | |||
r-devel-windows-x86_64 | 1.3.3 | 576.00 | 424.00 | 1000.00 | NOTE | |
r-patched-linux-x86_64 | 1.3.3 | 591.22 | 541.77 | 1132.99 | NOTE | |
r-release-linux-x86_64 | 1.3.3 | 0.02 | 2.85 | 2.87 | ERROR | |
r-release-macos-arm64 | 1.3.3 | 391.00 | NOTE | |||
r-release-macos-x86_64 | 1.3.3 | 771.00 | NOTE | |||
r-release-windows-x86_64 | 1.3.3 | 553.00 | 415.00 | 968.00 | NOTE | |
r-oldrel-macos-arm64 | 1.3.3 | 402.00 | NOTE | |||
r-oldrel-macos-x86_64 | 1.3.3 | 694.00 | NOTE | |||
r-oldrel-windows-x86_64 | 1.3.3 | 787.00 | 539.00 | 1326.00 | NOTE |
Version: 1.3.3
Check: for GNU extensions in Makefiles
Result: NOTE
GNU make is a SystemRequirements.
Flavors: r-devel-linux-x86_64-debian-clang, r-devel-linux-x86_64-debian-gcc, r-devel-linux-x86_64-fedora-clang, r-devel-linux-x86_64-fedora-gcc, r-devel-windows-x86_64, r-patched-linux-x86_64, r-release-macos-arm64, r-release-macos-x86_64, r-release-windows-x86_64, r-oldrel-macos-arm64, r-oldrel-macos-x86_64, r-oldrel-windows-x86_64
Version: 1.3.3
Check: installed package size
Result: NOTE
installed size is 9.8Mb
sub-directories of 1Mb or more:
doc 1.0Mb
libs 8.2Mb
Flavors: r-devel-linux-x86_64-fedora-clang, r-devel-windows-x86_64, r-release-macos-arm64, r-release-macos-x86_64, r-release-windows-x86_64, r-oldrel-macos-arm64, r-oldrel-macos-x86_64, r-oldrel-windows-x86_64
Version: 1.3.3
Check: dependencies in R code
Result: NOTE
Namespace in Imports field not imported from: ‘rstantools’
All declared Imports should be used.
Flavors: r-devel-linux-x86_64-fedora-clang, r-devel-linux-x86_64-fedora-gcc
Version: 1.3.3
Check: whether package can be installed
Result: ERROR
Installation failed.
Flavor: r-release-linux-x86_64