Last updated on 2024-05-15 23:57:16 CEST.
Flavor | Version | Tinstall | Tcheck | Ttotal | Status | Flags |
---|---|---|---|---|---|---|
r-devel-linux-x86_64-debian-clang | 1.6 | 14.41 | 172.50 | 186.91 | NOTE | |
r-devel-linux-x86_64-debian-gcc | 1.6 | 10.16 | 133.78 | 143.94 | NOTE | |
r-devel-linux-x86_64-fedora-clang | 1.6 | 250.17 | NOTE | |||
r-devel-linux-x86_64-fedora-gcc | 1.6 | 305.72 | NOTE | |||
r-devel-windows-x86_64 | 1.6 | 13.00 | 153.00 | 166.00 | NOTE | |
r-patched-linux-x86_64 | 1.6 | 13.34 | 172.01 | 185.35 | NOTE | |
r-release-linux-x86_64 | 1.6 | 11.16 | 167.19 | 178.35 | NOTE | |
r-release-macos-arm64 | 1.6 | 89.00 | NOTE | |||
r-release-windows-x86_64 | 1.6 | 13.00 | 154.00 | 167.00 | NOTE | |
r-oldrel-macos-arm64 | 1.6 | 104.00 | OK | |||
r-oldrel-macos-x86_64 | 1.6 | 161.00 | OK | |||
r-oldrel-windows-x86_64 | 1.6 | 16.00 | 181.00 | 197.00 | OK |
Version: 1.6
Check: Rd files
Result: NOTE
checkRd: (-1) pQF.Rd:30: Lost braces; missing escapes or markup?
30 | When \code{M} is not square, a randomised estimator for the trace of \code{crossprod(M)^2} is used. This is the sample size. When \code{M} is of \code{"matrixfree"} and does not include the trace of {crossprod(M)} as a component, this sample size will also be used to compute that. See Hutchinson reference. }
| ^
Flavors: r-devel-linux-x86_64-debian-clang, r-devel-linux-x86_64-debian-gcc, r-devel-linux-x86_64-fedora-clang, r-devel-linux-x86_64-fedora-gcc, r-devel-windows-x86_64, r-patched-linux-x86_64, r-release-linux-x86_64, r-release-macos-arm64, r-release-windows-x86_64