Last updated on 2024-05-14 23:57:58 CEST.
Flavor | Version | Tinstall | Tcheck | Ttotal | Status | Flags |
---|---|---|---|---|---|---|
r-devel-linux-x86_64-debian-clang | 2024.0.0 | 5.45 | 45.14 | 50.59 | OK | |
r-devel-linux-x86_64-debian-gcc | 2024.0.0 | 4.46 | 33.33 | 37.79 | OK | |
r-devel-linux-x86_64-fedora-clang | 2024.0.0 | 69.52 | NOTE | |||
r-devel-linux-x86_64-fedora-gcc | 2024.0.0 | 84.45 | NOTE | |||
r-devel-windows-x86_64 | 2024.0.0 | 7.00 | 54.00 | 61.00 | OK | |
r-patched-linux-x86_64 | 2024.0.0 | 5.70 | 41.53 | 47.23 | OK | |
r-release-linux-x86_64 | 2024.0.0 | 6.05 | 42.59 | 48.64 | OK | |
r-release-macos-arm64 | 2024.0.0 | 23.00 | OK | |||
r-release-windows-x86_64 | 2024.0.0 | 7.00 | 54.00 | 61.00 | OK | |
r-oldrel-macos-arm64 | 2024.0.0 | 30.00 | OK | |||
r-oldrel-macos-x86_64 | 2024.0.0 | 40.00 | OK | |||
r-oldrel-windows-x86_64 | 2024.0.0 | 8.00 | 60.00 | 68.00 | OK |
Version: 2024.0.0
Check: data for non-ASCII characters
Result: NOTE
Note: found 108 marked UTF-8 strings
Flavors: r-devel-linux-x86_64-fedora-clang, r-devel-linux-x86_64-fedora-gcc