Last updated on 2024-05-14 23:57:59 CEST.
Flavor | Version | Tinstall | Tcheck | Ttotal | Status | Flags |
---|---|---|---|---|---|---|
r-devel-linux-x86_64-debian-clang | 1.2.1 | 8.24 | 65.42 | 73.66 | NOTE | |
r-devel-linux-x86_64-debian-gcc | 1.2.1 | 5.75 | 48.08 | 53.83 | NOTE | |
r-devel-linux-x86_64-fedora-clang | 1.2.1 | 94.62 | NOTE | |||
r-devel-linux-x86_64-fedora-gcc | 1.2.1 | 118.40 | NOTE | |||
r-devel-windows-x86_64 | 1.2.1 | 9.00 | 66.00 | 75.00 | NOTE | |
r-patched-linux-x86_64 | 1.2.1 | 6.45 | 61.67 | 68.12 | NOTE | |
r-release-linux-x86_64 | 1.2.1 | 5.90 | 60.91 | 66.81 | NOTE | |
r-release-macos-arm64 | 1.2.1 | 31.00 | NOTE | |||
r-release-windows-x86_64 | 1.2.1 | 10.00 | 67.00 | 77.00 | NOTE | |
r-oldrel-macos-arm64 | 1.2.1 | 29.00 | NOTE | |||
r-oldrel-macos-x86_64 | 1.2.1 | 43.00 | NOTE | |||
r-oldrel-windows-x86_64 | 1.2.1 | 10.00 | 77.00 | 87.00 | NOTE |
Version: 1.2.1
Check: Rd files
Result: NOTE
checkRd: (-1) dtmvnom.Rd:30: Escaped LaTeX specials: \&
Flavors: r-devel-linux-x86_64-debian-clang, r-devel-linux-x86_64-debian-gcc, r-devel-linux-x86_64-fedora-clang, r-devel-linux-x86_64-fedora-gcc, r-devel-windows-x86_64, r-patched-linux-x86_64, r-release-linux-x86_64, r-release-macos-arm64, r-release-windows-x86_64, r-oldrel-macos-arm64, r-oldrel-macos-x86_64, r-oldrel-windows-x86_64