Last updated on 2024-05-15 23:57:18 CEST.
Flavor | Version | Tinstall | Tcheck | Ttotal | Status | Flags |
---|---|---|---|---|---|---|
r-devel-linux-x86_64-debian-clang | 2.0.5 | 13.23 | 113.02 | 126.25 | OK | |
r-devel-linux-x86_64-debian-gcc | 2.0.5 | 9.38 | 83.08 | 92.46 | OK | |
r-devel-linux-x86_64-fedora-clang | 2.0.5 | 149.39 | WARN | |||
r-devel-linux-x86_64-fedora-gcc | 2.0.5 | 220.26 | OK | |||
r-devel-windows-x86_64 | 2.0.5 | 12.00 | 98.00 | 110.00 | OK | |
r-patched-linux-x86_64 | 2.0.5 | 11.09 | 110.79 | 121.88 | OK | |
r-release-linux-x86_64 | 2.0.5 | 10.06 | 111.52 | 121.58 | OK | |
r-release-macos-arm64 | 2.0.5 | 63.00 | OK | |||
r-release-windows-x86_64 | 2.0.5 | 14.00 | 103.00 | 117.00 | OK | |
r-oldrel-macos-arm64 | 2.0.5 | 57.00 | OK | |||
r-oldrel-macos-x86_64 | 2.0.5 | 128.00 | OK | |||
r-oldrel-windows-x86_64 | 2.0.5 | 16.00 | 117.00 | 133.00 | OK |
Version: 2.0.5
Check: whether package can be installed
Result: WARN
Found the following significant warnings:
./jspd.f:46:14: portability: deprecated usage
See ‘/data/gannet/ripley/R/packages/tests-clang/crqa.Rcheck/00install.out’ for details.
* used C compiler: ‘clang version 18.1.5’
* used Fortran compiler: ‘flang-new version 18.1.5’
Flavor: r-devel-linux-x86_64-fedora-clang