Last updated on 2024-05-14 23:58:03 CEST.
Flavor | Version | Tinstall | Tcheck | Ttotal | Status | Flags |
---|---|---|---|---|---|---|
r-devel-linux-x86_64-debian-clang | 2.12 | 31.88 | 226.60 | 258.48 | NOTE | |
r-devel-linux-x86_64-debian-gcc | 2.12 | 25.18 | 156.13 | 181.31 | NOTE | |
r-devel-linux-x86_64-fedora-clang | 2.12 | 329.47 | NOTE | |||
r-devel-linux-x86_64-fedora-gcc | 2.12 | 334.17 | NOTE | |||
r-devel-windows-x86_64 | 2.12 | 25.00 | 164.00 | 189.00 | NOTE | |
r-patched-linux-x86_64 | 2.12 | 38.64 | 210.97 | 249.61 | NOTE | |
r-release-linux-x86_64 | 2.12 | 28.95 | 214.06 | 243.01 | NOTE | |
r-release-macos-arm64 | 2.12 | 60.00 | NOTE | |||
r-release-windows-x86_64 | 2.12 | 25.00 | 167.00 | 192.00 | NOTE | |
r-oldrel-macos-arm64 | 2.12 | 63.00 | NOTE | |||
r-oldrel-macos-x86_64 | 2.12 | 83.00 | NOTE | |||
r-oldrel-windows-x86_64 | 2.12 | 24.00 | 208.00 | 232.00 | OK |
Version: 2.12
Check: Rd files
Result: NOTE
checkRd: (-1) fmgammagpd.Rd:183: Lost braces; missing escapes or markup?
183 | \item {nlumgammagpd} and {proflumgammagpd} - \code{c(mgshape, mgscale, mgweight[1:(M-1)], sigmau, xi)}
| ^
checkRd: (-1) fmgammagpdcon.Rd:181: Lost braces; missing escapes or markup?
181 | \item {nlumgammagpdcon} and {proflumgammagpdcon} - \code{c(mgshape, mgscale, mgweight[1:(M-1)], xi)}
| ^
checkRd: (-1) kernels.Rd:87: Lost braces
87 | code{\link[evmix:kernels]{kd*}} and \code{\link[evmix:kernels]{kp*}} give the
| ^
Flavors: r-devel-linux-x86_64-debian-clang, r-devel-linux-x86_64-debian-gcc, r-devel-linux-x86_64-fedora-clang, r-devel-linux-x86_64-fedora-gcc, r-devel-windows-x86_64, r-patched-linux-x86_64, r-release-linux-x86_64, r-release-macos-arm64, r-release-windows-x86_64
Version: 2.12
Check: Rd cross-references
Result: NOTE
Undeclared packages ‘ks’, ‘evd’, ‘ismev’, ‘mixtools’, ‘evir’, ‘smoothtail’ in Rd xrefs
Flavor: r-devel-linux-x86_64-fedora-clang
Version: 2.12
Check: installed package size
Result: NOTE
installed size is 5.9Mb
sub-directories of 1Mb or more:
R 2.0Mb
doc 2.9Mb
Flavors: r-release-macos-arm64, r-oldrel-macos-arm64, r-oldrel-macos-x86_64