Last updated on 2024-05-15 23:57:21 CEST.
Flavor | Version | Tinstall | Tcheck | Ttotal | Status | Flags |
---|---|---|---|---|---|---|
r-devel-linux-x86_64-debian-clang | 0.6.2 | 5.38 | 94.73 | 100.11 | OK | |
r-devel-linux-x86_64-debian-gcc | 0.6.2 | 5.45 | 71.40 | 76.85 | OK | |
r-devel-linux-x86_64-fedora-clang | 0.6.2 | 128.49 | NOTE | |||
r-devel-linux-x86_64-fedora-gcc | 0.6.2 | 188.36 | NOTE | |||
r-devel-windows-x86_64 | 0.6.2 | 9.00 | 95.00 | 104.00 | OK | |
r-patched-linux-x86_64 | 0.6.2 | 6.88 | 90.95 | 97.83 | OK | |
r-release-linux-x86_64 | 0.6.2 | 6.79 | 89.41 | 96.20 | OK | |
r-release-macos-arm64 | 0.6.2 | 42.00 | OK | |||
r-release-windows-x86_64 | 0.6.2 | 9.00 | 99.00 | 108.00 | OK | |
r-oldrel-macos-arm64 | 0.6.2 | 50.00 | OK | |||
r-oldrel-macos-x86_64 | 0.6.2 | 70.00 | OK | |||
r-oldrel-windows-x86_64 | 0.6.2 | 10.00 | 104.00 | 114.00 | OK |
Version: 0.6.2
Check: dependencies in R code
Result: NOTE
Namespace in Imports field not imported from: ‘rstudioapi’
All declared Imports should be used.
Flavors: r-devel-linux-x86_64-fedora-clang, r-devel-linux-x86_64-fedora-gcc