Last updated on 2024-05-15 23:57:25 CEST.
Flavor | Version | Tinstall | Tcheck | Ttotal | Status | Flags |
---|---|---|---|---|---|---|
r-devel-linux-x86_64-debian-clang | 0.2 | 13.41 | 98.00 | 111.41 | NOTE | |
r-devel-linux-x86_64-debian-gcc | 0.2 | 10.11 | 73.96 | 84.07 | NOTE | |
r-devel-linux-x86_64-fedora-clang | 0.2 | 133.47 | NOTE | |||
r-devel-linux-x86_64-fedora-gcc | 0.2 | 185.36 | NOTE | |||
r-devel-windows-x86_64 | 0.2 | 11.00 | 83.00 | 94.00 | NOTE | |
r-patched-linux-x86_64 | 0.2 | 7.76 | 92.36 | 100.12 | NOTE | |
r-release-linux-x86_64 | 0.2 | 7.44 | 92.23 | 99.67 | NOTE | |
r-release-macos-arm64 | 0.2 | 39.00 | NOTE | |||
r-release-windows-x86_64 | 0.2 | 12.00 | 84.00 | 96.00 | NOTE | |
r-oldrel-macos-arm64 | 0.2 | 43.00 | NOTE | |||
r-oldrel-macos-x86_64 | 0.2 | 71.00 | NOTE | |||
r-oldrel-windows-x86_64 | 0.2 | 15.00 | 105.00 | 120.00 | NOTE |
Version: 0.2
Check: LazyData
Result: NOTE
'LazyData' is specified without a 'data' directory
Flavors: r-devel-linux-x86_64-debian-clang, r-devel-linux-x86_64-debian-gcc, r-devel-linux-x86_64-fedora-clang, r-devel-linux-x86_64-fedora-gcc, r-devel-windows-x86_64, r-patched-linux-x86_64, r-release-linux-x86_64, r-release-macos-arm64, r-release-windows-x86_64, r-oldrel-macos-arm64, r-oldrel-macos-x86_64, r-oldrel-windows-x86_64