Last updated on 2024-05-15 23:57:29 CEST.
Flavor | Version | Tinstall | Tcheck | Ttotal | Status | Flags |
---|---|---|---|---|---|---|
r-devel-linux-x86_64-debian-clang | 1.1 | 25.47 | 157.06 | 182.53 | NOTE | |
r-devel-linux-x86_64-debian-gcc | 1.1 | 22.90 | 112.15 | 135.05 | NOTE | |
r-devel-linux-x86_64-fedora-clang | 1.1 | 238.36 | NOTE | |||
r-devel-linux-x86_64-fedora-gcc | 1.1 | 340.76 | NOTE | |||
r-devel-windows-x86_64 | 1.1 | 23.00 | 133.00 | 156.00 | NOTE | |
r-patched-linux-x86_64 | 1.1 | 29.72 | 150.34 | 180.06 | NOTE | |
r-release-linux-x86_64 | 1.1 | 22.45 | 143.43 | 165.88 | NOTE | |
r-release-macos-arm64 | 1.1 | 85.00 | NOTE | |||
r-release-windows-x86_64 | 1.1 | 23.00 | 129.00 | 152.00 | NOTE | |
r-oldrel-macos-arm64 | 1.1 | 95.00 | OK | |||
r-oldrel-macos-x86_64 | 1.1 | 150.00 | OK | |||
r-oldrel-windows-x86_64 | 1.1 | 33.00 | 164.00 | 197.00 | OK |
Version: 1.1
Check: Rd files
Result: NOTE
checkRd: (-1) rdata.frame.Rd:132: Lost braces in \enumerate; \value handles \item{}{} directly
checkRd: (-1) rdata.frame.Rd:133-134: Lost braces in \enumerate; \value handles \item{}{} directly
checkRd: (-1) rdata.frame.Rd:135-137: Lost braces in \enumerate; \value handles \item{}{} directly
checkRd: (-1) rdata.frame.Rd:138-139: Lost braces in \enumerate; \value handles \item{}{} directly
checkRd: (-1) rdata.frame.Rd:144: Lost braces in \enumerate; \value handles \item{}{} directly
checkRd: (-1) rdata.frame.Rd:145-147: Lost braces in \enumerate; \value handles \item{}{} directly
checkRd: (-1) rdata.frame.Rd:148-150: Lost braces in \enumerate; \value handles \item{}{} directly
Flavors: r-devel-linux-x86_64-debian-clang, r-devel-linux-x86_64-debian-gcc, r-devel-linux-x86_64-fedora-clang, r-devel-linux-x86_64-fedora-gcc, r-devel-windows-x86_64, r-patched-linux-x86_64, r-release-linux-x86_64, r-release-macos-arm64, r-release-windows-x86_64