Last updated on 2024-05-15 23:57:30 CEST.
Flavor | Version | Tinstall | Tcheck | Ttotal | Status | Flags |
---|---|---|---|---|---|---|
r-devel-linux-x86_64-debian-clang | 3.2.3 | 134.12 | 108.23 | 242.35 | OK | |
r-devel-linux-x86_64-debian-gcc | 3.2.3 | 97.03 | 77.17 | 174.20 | OK | |
r-devel-linux-x86_64-fedora-clang | 3.2.3 | 344.72 | OK | |||
r-devel-linux-x86_64-fedora-gcc | 3.2.3 | 386.04 | OK | |||
r-devel-windows-x86_64 | 3.2.3 | 103.00 | 127.00 | 230.00 | OK | |
r-patched-linux-x86_64 | 3.2.3 | 104.36 | 100.54 | 204.90 | OK | |
r-release-linux-x86_64 | 3.2.3 | 88.76 | 100.44 | 189.20 | OK | |
r-release-macos-arm64 | 3.2.3 | 79.00 | NOTE | |||
r-release-windows-x86_64 | 3.2.3 | 106.00 | 149.00 | 255.00 | OK | |
r-oldrel-macos-arm64 | 3.2.3 | 71.00 | NOTE | |||
r-oldrel-macos-x86_64 | 3.2.3 | 116.00 | NOTE | |||
r-oldrel-windows-x86_64 | 3.2.3 | 125.00 | 152.00 | 277.00 | OK |
Version: 3.2.3
Check: installed package size
Result: NOTE
installed size is 6.4Mb
sub-directories of 1Mb or more:
data 3.0Mb
libs 2.6Mb
Flavors: r-release-macos-arm64, r-oldrel-macos-arm64, r-oldrel-macos-x86_64