Last updated on 2024-05-14 23:58:13 CEST.
Flavor | Version | Tinstall | Tcheck | Ttotal | Status | Flags |
---|---|---|---|---|---|---|
r-devel-linux-x86_64-debian-clang | 0.8.3 | 10.04 | 115.72 | 125.76 | OK | |
r-devel-linux-x86_64-debian-gcc | 0.8.3 | 8.06 | 86.80 | 94.86 | OK | |
r-devel-linux-x86_64-fedora-clang | 0.8.3 | 157.49 | NOTE | |||
r-devel-linux-x86_64-fedora-gcc | 0.8.3 | 210.39 | NOTE | |||
r-devel-windows-x86_64 | 0.8.3 | 9.00 | 95.00 | 104.00 | OK | |
r-patched-linux-x86_64 | 0.8.3 | 11.69 | 111.72 | 123.41 | OK | |
r-release-linux-x86_64 | 0.8.3 | 9.70 | 109.07 | 118.77 | OK | |
r-release-macos-arm64 | 0.8.3 | 45.00 | OK | |||
r-release-windows-x86_64 | 0.8.3 | 9.00 | 95.00 | 104.00 | OK | |
r-oldrel-macos-arm64 | 0.8.3 | 43.00 | OK | |||
r-oldrel-macos-x86_64 | 0.8.3 | 118.00 | OK | |||
r-oldrel-windows-x86_64 | 0.8.3 | 12.00 | 120.00 | 132.00 | OK |
Version: 0.8.3
Check: data for non-ASCII characters
Result: NOTE
Note: found 4894 marked UTF-8 strings
Flavors: r-devel-linux-x86_64-fedora-clang, r-devel-linux-x86_64-fedora-gcc