Last updated on 2024-05-14 23:58:14 CEST.
Flavor | Version | Tinstall | Tcheck | Ttotal | Status | Flags |
---|---|---|---|---|---|---|
r-devel-linux-x86_64-debian-clang | 0.0.1 | 4.64 | 38.21 | 42.85 | OK | |
r-devel-linux-x86_64-debian-gcc | 0.0.1 | 4.13 | 28.50 | 32.63 | OK | |
r-devel-linux-x86_64-fedora-clang | 0.0.1 | 53.81 | NOTE | |||
r-devel-linux-x86_64-fedora-gcc | 0.0.1 | 68.00 | NOTE | |||
r-devel-windows-x86_64 | 0.0.1 | 5.00 | 49.00 | 54.00 | OK | |
r-patched-linux-x86_64 | 0.0.1 | 4.51 | 35.33 | 39.84 | OK | |
r-release-linux-x86_64 | 0.0.1 | 4.33 | 35.28 | 39.61 | OK | |
r-release-macos-arm64 | 0.0.1 | 20.00 | OK | |||
r-release-windows-x86_64 | 0.0.1 | 6.00 | 49.00 | 55.00 | OK | |
r-oldrel-macos-arm64 | 0.0.1 | 19.00 | OK | |||
r-oldrel-macos-x86_64 | 0.0.1 | 28.00 | OK | |||
r-oldrel-windows-x86_64 | 0.0.1 | 6.00 | 59.00 | 65.00 | OK |
Version: 0.0.1
Check: data for non-ASCII characters
Result: NOTE
Note: found 842 marked UTF-8 strings
Flavors: r-devel-linux-x86_64-fedora-clang, r-devel-linux-x86_64-fedora-gcc