Last updated on 2024-05-15 23:57:32 CEST.
Flavor | Version | Tinstall | Tcheck | Ttotal | Status | Flags |
---|---|---|---|---|---|---|
r-devel-linux-x86_64-debian-clang | 2.2.11 | 5.81 | 45.83 | 51.64 | OK | |
r-devel-linux-x86_64-debian-gcc | 2.2.11 | 4.87 | 34.41 | 39.28 | OK | |
r-devel-linux-x86_64-fedora-clang | 2.2.12 | 67.03 | NOTE | |||
r-devel-linux-x86_64-fedora-gcc | 2.2.12 | 74.35 | NOTE | |||
r-devel-windows-x86_64 | 2.2.11 | 6.00 | 55.00 | 61.00 | NOTE | |
r-patched-linux-x86_64 | 2.2.11 | 9.54 | 43.37 | 52.91 | OK | |
r-release-linux-x86_64 | 2.2.11 | 4.87 | 44.10 | 48.97 | OK | |
r-release-macos-arm64 | 2.2.12 | 30.00 | OK | |||
r-release-macos-x86_64 | 2.2.12 | 83.00 | NOTE | |||
r-release-windows-x86_64 | 2.2.11 | 7.00 | 55.00 | 62.00 | NOTE | |
r-oldrel-macos-arm64 | 2.2.12 | 28.00 | OK | |||
r-oldrel-macos-x86_64 | 2.2.12 | 59.00 | OK | |||
r-oldrel-windows-x86_64 | 2.2.12 | 10.00 | 56.00 | 66.00 | NOTE |
Version: 2.2.12
Check: data for non-ASCII characters
Result: NOTE
Note: found 4 marked UTF-8 strings
Flavors: r-devel-linux-x86_64-fedora-clang, r-devel-linux-x86_64-fedora-gcc
Version: 2.2.11
Check: package dependencies
Result: NOTE
Package suggested but not available for checking: 'unix'
Flavors: r-devel-windows-x86_64, r-release-windows-x86_64
Version: 2.2.12
Check: package dependencies
Result: NOTE
Package suggested but not available for checking: ‘arrow’
Flavor: r-release-macos-x86_64
Version: 2.2.12
Check: package dependencies
Result: NOTE
Package suggested but not available for checking: 'unix'
Flavor: r-oldrel-windows-x86_64