Last updated on 2024-05-15 23:57:33 CEST.
Flavor | Version | Tinstall | Tcheck | Ttotal | Status | Flags |
---|---|---|---|---|---|---|
r-devel-linux-x86_64-debian-clang | 0.5-2 | 7.83 | 106.21 | 114.04 | NOTE | |
r-devel-linux-x86_64-debian-gcc | 0.5-2 | 6.52 | 79.21 | 85.73 | NOTE | |
r-devel-linux-x86_64-fedora-clang | 0.5-2 | 140.37 | NOTE | |||
r-devel-linux-x86_64-fedora-gcc | 0.5-2 | 269.14 | NOTE | |||
r-devel-windows-x86_64 | 0.5-2 | 8.00 | 134.00 | 142.00 | NOTE | |
r-patched-linux-x86_64 | 0.5-2 | 8.56 | 100.68 | 109.24 | NOTE | |
r-release-linux-x86_64 | 0.5-2 | 7.03 | 100.88 | 107.91 | NOTE | |
r-release-macos-arm64 | 0.5-2 | 55.00 | NOTE | |||
r-release-windows-x86_64 | 0.5-2 | 8.00 | 134.00 | 142.00 | NOTE | |
r-oldrel-macos-arm64 | 0.5-2 | 60.00 | NOTE | |||
r-oldrel-macos-x86_64 | 0.5-2 | 87.00 | NOTE | |||
r-oldrel-windows-x86_64 | 0.5-2 | 9.00 | 133.00 | 142.00 | NOTE |
Version: 0.5-2
Check: Rd files
Result: NOTE
checkRd: (-1) tradelist-class.Rd:91: Escaped LaTeX specials: \$
Flavors: r-devel-linux-x86_64-debian-clang, r-devel-linux-x86_64-debian-gcc, r-devel-linux-x86_64-fedora-clang, r-devel-linux-x86_64-fedora-gcc, r-devel-windows-x86_64, r-patched-linux-x86_64, r-release-linux-x86_64, r-release-macos-arm64, r-release-windows-x86_64, r-oldrel-macos-arm64, r-oldrel-macos-x86_64, r-oldrel-windows-x86_64