Last updated on 2024-05-15 23:57:34 CEST.
Flavor | Version | Tinstall | Tcheck | Ttotal | Status | Flags |
---|---|---|---|---|---|---|
r-devel-linux-x86_64-debian-clang | 7.1-1 | 10.76 | 25.36 | 36.12 | OK | |
r-devel-linux-x86_64-debian-gcc | 7.1-1 | 8.15 | 20.51 | 28.66 | OK | |
r-devel-linux-x86_64-fedora-clang | 7.1-1 | 45.19 | NOTE | |||
r-devel-linux-x86_64-fedora-gcc | 7.1-1 | 45.41 | OK | |||
r-devel-windows-x86_64 | 7.1-1 | 9.00 | 45.00 | 54.00 | NOTE | |
r-patched-linux-x86_64 | 7.1-1 | 8.95 | 24.53 | 33.48 | OK | |
r-release-linux-x86_64 | 7.1-1 | 10.69 | 24.87 | 35.56 | OK | |
r-release-macos-arm64 | 7.1-1 | 21.00 | NOTE | |||
r-release-windows-x86_64 | 7.1-1 | 9.00 | 45.00 | 54.00 | NOTE | |
r-oldrel-macos-arm64 | 7.1-1 | 21.00 | NOTE | |||
r-oldrel-macos-x86_64 | 7.1-1 | 31.00 | NOTE | |||
r-oldrel-windows-x86_64 | 7.1-1 | 10.00 | 43.00 | 53.00 | NOTE |
Version: 7.1-1
Check: installed package size
Result: NOTE
installed size is 7.3Mb
sub-directories of 1Mb or more:
data 7.2Mb
Flavors: r-devel-linux-x86_64-fedora-clang, r-devel-windows-x86_64, r-release-macos-arm64, r-release-windows-x86_64, r-oldrel-macos-arm64, r-oldrel-macos-x86_64, r-oldrel-windows-x86_64