Last updated on 2024-05-15 23:57:34 CEST.
Flavor | Version | Tinstall | Tcheck | Ttotal | Status | Flags |
---|---|---|---|---|---|---|
r-devel-linux-x86_64-debian-clang | 0.1.1 | 2.73 | 26.93 | 29.66 | NOTE | |
r-devel-linux-x86_64-debian-gcc | 0.1.1 | 2.05 | 20.48 | 22.53 | NOTE | |
r-devel-linux-x86_64-fedora-clang | 0.1.1 | 38.26 | NOTE | |||
r-devel-linux-x86_64-fedora-gcc | 0.1.1 | 42.53 | NOTE | |||
r-devel-windows-x86_64 | 0.1.1 | 4.00 | 44.00 | 48.00 | NOTE | |
r-patched-linux-x86_64 | 0.1.1 | 2.92 | 25.85 | 28.77 | NOTE | |
r-release-linux-x86_64 | 0.1.1 | 2.08 | 25.61 | 27.69 | NOTE | |
r-release-macos-arm64 | 0.1.1 | 15.00 | NOTE | |||
r-release-windows-x86_64 | 0.1.1 | 4.00 | 45.00 | 49.00 | NOTE | |
r-oldrel-macos-arm64 | 0.1.1 | 14.00 | NOTE | |||
r-oldrel-macos-x86_64 | 0.1.1 | 20.00 | NOTE | |||
r-oldrel-windows-x86_64 | 0.1.1 | 4.00 | 43.00 | 47.00 | NOTE |
Version: 0.1.1
Check: LazyData
Result: NOTE
'LazyData' is specified without a 'data' directory
Flavors: r-devel-linux-x86_64-debian-clang, r-devel-linux-x86_64-debian-gcc, r-devel-linux-x86_64-fedora-clang, r-devel-linux-x86_64-fedora-gcc, r-devel-windows-x86_64, r-patched-linux-x86_64, r-release-linux-x86_64, r-release-macos-arm64, r-release-windows-x86_64, r-oldrel-macos-arm64, r-oldrel-macos-x86_64, r-oldrel-windows-x86_64