Last updated on 2024-05-15 23:57:34 CEST.
Flavor | Version | Tinstall | Tcheck | Ttotal | Status | Flags |
---|---|---|---|---|---|---|
r-devel-linux-x86_64-debian-clang | 0.7.8 | 10.28 | 90.23 | 100.51 | OK | |
r-devel-linux-x86_64-debian-gcc | 0.7.8 | 7.67 | 66.74 | 74.41 | OK | |
r-devel-linux-x86_64-fedora-clang | 0.7.8 | 135.13 | NOTE | |||
r-devel-linux-x86_64-fedora-gcc | 0.7.8 | 195.28 | NOTE | |||
r-devel-windows-x86_64 | 0.7.8 | 9.00 | 93.00 | 102.00 | OK | |
r-patched-linux-x86_64 | 0.7.8 | 8.04 | 85.54 | 93.58 | OK | |
r-release-linux-x86_64 | 0.7.8 | 7.20 | 86.53 | 93.73 | OK | |
r-release-macos-arm64 | 0.7.8 | 50.00 | OK | |||
r-release-windows-x86_64 | 0.7.8 | 10.00 | 94.00 | 104.00 | OK | |
r-oldrel-macos-arm64 | 0.7.8 | 50.00 | OK | |||
r-oldrel-macos-x86_64 | 0.7.8 | 67.00 | NOTE | |||
r-oldrel-windows-x86_64 | 0.7.8 | 13.00 | 110.00 | 123.00 | OK |
Version: 0.7.8
Check: data for non-ASCII characters
Result: NOTE
Note: found 8504 marked UTF-8 strings
Flavors: r-devel-linux-x86_64-fedora-clang, r-devel-linux-x86_64-fedora-gcc
Version: 0.7.8
Check: package dependencies
Result: NOTE
Package suggested but not available for checking: ‘survey’
Flavor: r-oldrel-macos-x86_64
Version: 0.7.8
Check: Rd cross-references
Result: NOTE
Package unavailable to check Rd xrefs: ‘survey’
Flavor: r-oldrel-macos-x86_64