Last updated on 2024-05-14 23:58:17 CEST.
Flavor | Version | Tinstall | Tcheck | Ttotal | Status | Flags |
---|---|---|---|---|---|---|
r-devel-linux-x86_64-debian-clang | 0.8.9 | 4.68 | 42.38 | 47.06 | NOTE | |
r-devel-linux-x86_64-debian-gcc | 0.8.9 | 2.81 | 31.37 | 34.18 | NOTE | |
r-devel-linux-x86_64-fedora-clang | 0.8.9 | 56.52 | NOTE | |||
r-devel-linux-x86_64-fedora-gcc | 0.8.9 | 98.54 | NOTE | |||
r-devel-windows-x86_64 | 0.8.9 | 4.00 | 58.00 | 62.00 | NOTE | |
r-patched-linux-x86_64 | 0.8.9 | 5.23 | 39.59 | 44.82 | NOTE | |
r-release-linux-x86_64 | 0.8.9 | 4.48 | 40.07 | 44.55 | NOTE | |
r-release-macos-arm64 | 0.8.9 | 20.00 | NOTE | |||
r-release-windows-x86_64 | 0.8.9 | 4.00 | 58.00 | 62.00 | NOTE | |
r-oldrel-macos-arm64 | 0.8.9 | 22.00 | NOTE | |||
r-oldrel-macos-x86_64 | 0.8.9 | 31.00 | NOTE | |||
r-oldrel-windows-x86_64 | 0.8.9 | 5.00 | 61.00 | 66.00 | NOTE |
Version: 0.8.9
Check: Rd files
Result: NOTE
checkRd: (-1) as-data-frame-cast-df-v7.rd:3: Escaped LaTeX specials: \_
checkRd: (-1) as-data-frame-cast-matrix-59.rd:3: Escaped LaTeX specials: \_
checkRd: (-1) as-matrix-cast-df-bu.rd:3: Escaped LaTeX specials: \_
checkRd: (-1) as-matrix-cast-matrix-2y.rd:3: Escaped LaTeX specials: \_
checkRd: (-1) cast-9g.rd:19: Escaped LaTeX specials: \_ \_
checkRd: (-1) cast-9g.rd:41: Escaped LaTeX specials: \_
checkRd: (-1) cast-9g.rd:46: Escaped LaTeX specials: \_ \_
checkRd: (-1) clean-vars-rc.rd:13: Escaped LaTeX specials: \_
checkRd: (-1) expand-kx.rd:15: Escaped LaTeX specials: \_
checkRd: (-1) reshape-4u.rd:17: Escaped LaTeX specials: \_ \_
Flavors: r-devel-linux-x86_64-debian-clang, r-devel-linux-x86_64-debian-gcc, r-devel-linux-x86_64-fedora-clang, r-devel-linux-x86_64-fedora-gcc, r-devel-windows-x86_64, r-patched-linux-x86_64, r-release-linux-x86_64, r-release-macos-arm64, r-release-windows-x86_64, r-oldrel-macos-arm64, r-oldrel-macos-x86_64, r-oldrel-windows-x86_64