Last updated on 2024-05-15 23:57:37 CEST.
Flavor | Version | Tinstall | Tcheck | Ttotal | Status | Flags |
---|---|---|---|---|---|---|
r-devel-linux-x86_64-debian-clang | 0.1.0 | 5.91 | 45.29 | 51.20 | NOTE | |
r-devel-linux-x86_64-debian-gcc | 0.1.0 | 4.25 | 34.29 | 38.54 | NOTE | |
r-devel-linux-x86_64-fedora-clang | 0.1.0 | 61.09 | NOTE | |||
r-devel-linux-x86_64-fedora-gcc | 0.1.0 | 99.70 | NOTE | |||
r-devel-windows-x86_64 | 0.1.0 | 5.00 | 53.00 | 58.00 | NOTE | |
r-patched-linux-x86_64 | 0.1.0 | 5.92 | 43.99 | 49.91 | NOTE | |
r-release-linux-x86_64 | 0.1.0 | 5.01 | 43.15 | 48.16 | NOTE | |
r-release-macos-arm64 | 0.1.0 | 22.00 | NOTE | |||
r-release-windows-x86_64 | 0.1.0 | 4.00 | 51.00 | 55.00 | NOTE | |
r-oldrel-macos-arm64 | 0.1.0 | 23.00 | NOTE | |||
r-oldrel-macos-x86_64 | 0.1.0 | 34.00 | NOTE | |||
r-oldrel-windows-x86_64 | 0.1.0 | 7.00 | 57.00 | 64.00 | NOTE |
Version: 0.1.0
Check: LazyData
Result: NOTE
'LazyData' is specified without a 'data' directory
Flavors: r-devel-linux-x86_64-debian-clang, r-devel-linux-x86_64-debian-gcc, r-devel-linux-x86_64-fedora-clang, r-devel-linux-x86_64-fedora-gcc, r-devel-windows-x86_64, r-patched-linux-x86_64, r-release-linux-x86_64, r-release-macos-arm64, r-release-windows-x86_64, r-oldrel-macos-arm64, r-oldrel-macos-x86_64, r-oldrel-windows-x86_64