Last updated on 2024-05-14 23:58:24 CEST.
Flavor | Version | Tinstall | Tcheck | Ttotal | Status | Flags |
---|---|---|---|---|---|---|
r-devel-linux-x86_64-debian-clang | 0.5.6.1 | 1.89 | 31.86 | 33.75 | NOTE | |
r-devel-linux-x86_64-debian-gcc | 0.5.6.1 | 1.72 | 24.44 | 26.16 | NOTE | |
r-devel-linux-x86_64-fedora-clang | 0.5.6.1 | 44.85 | NOTE | |||
r-devel-linux-x86_64-fedora-gcc | 0.5.6.1 | 61.47 | NOTE | |||
r-devel-windows-x86_64 | 0.5.6.1 | 3.00 | 49.00 | 52.00 | NOTE | |
r-patched-linux-x86_64 | 0.5.6.1 | 1.64 | 30.69 | 32.33 | NOTE | |
r-release-linux-x86_64 | 0.5.6.1 | 1.85 | 30.75 | 32.60 | NOTE | |
r-release-macos-arm64 | 0.5.6.1 | 23.00 | NOTE | |||
r-release-windows-x86_64 | 0.5.6.1 | 3.00 | 48.00 | 51.00 | NOTE | |
r-oldrel-macos-arm64 | 0.5.6.1 | 23.00 | NOTE | |||
r-oldrel-macos-x86_64 | 0.5.6.1 | 34.00 | NOTE | |||
r-oldrel-windows-x86_64 | 0.5.6.1 | 3.00 | 46.00 | 49.00 | NOTE |
Version: 0.5.6.1
Check: LazyData
Result: NOTE
'LazyData' is specified without a 'data' directory
Flavors: r-devel-linux-x86_64-debian-clang, r-devel-linux-x86_64-debian-gcc, r-devel-linux-x86_64-fedora-clang, r-devel-linux-x86_64-fedora-gcc, r-devel-windows-x86_64, r-patched-linux-x86_64, r-release-linux-x86_64, r-release-macos-arm64, r-release-windows-x86_64, r-oldrel-macos-arm64, r-oldrel-macos-x86_64, r-oldrel-windows-x86_64