Last updated on 2024-05-15 23:57:42 CEST.
Flavor | Version | Tinstall | Tcheck | Ttotal | Status | Flags |
---|---|---|---|---|---|---|
r-devel-linux-x86_64-debian-clang | 0.4 | 10.39 | 99.92 | 110.31 | NOTE | |
r-devel-linux-x86_64-debian-gcc | 0.4 | 9.17 | 73.70 | 82.87 | NOTE | |
r-devel-linux-x86_64-fedora-clang | 0.4 | 140.08 | NOTE | |||
r-devel-linux-x86_64-fedora-gcc | 0.4 | 137.74 | NOTE | |||
r-devel-windows-x86_64 | 0.4 | 11.00 | 90.00 | 101.00 | NOTE | |
r-patched-linux-x86_64 | 0.4 | 10.93 | 93.85 | 104.78 | NOTE | |
r-release-linux-x86_64 | 0.4 | 9.38 | 94.73 | 104.11 | NOTE | |
r-release-macos-arm64 | 0.4 | 43.00 | NOTE | |||
r-release-windows-x86_64 | 0.4 | 11.00 | 89.00 | 100.00 | NOTE | |
r-oldrel-macos-arm64 | 0.4 | 49.00 | NOTE | |||
r-oldrel-macos-x86_64 | 0.4 | 72.00 | NOTE | |||
r-oldrel-windows-x86_64 | 0.4 | 15.00 | 113.00 | 128.00 | NOTE |
Version: 0.4
Check: Rd files
Result: NOTE
checkRd: (-1) compare.Rd:46: Escaped LaTeX specials: \&
Flavors: r-devel-linux-x86_64-debian-clang, r-devel-linux-x86_64-debian-gcc, r-devel-linux-x86_64-fedora-clang, r-devel-linux-x86_64-fedora-gcc, r-devel-windows-x86_64, r-patched-linux-x86_64, r-release-linux-x86_64, r-release-macos-arm64, r-release-windows-x86_64, r-oldrel-macos-arm64, r-oldrel-macos-x86_64, r-oldrel-windows-x86_64