Last updated on 2024-05-15 23:57:43 CEST.
Flavor | Version | Tinstall | Tcheck | Ttotal | Status | Flags |
---|---|---|---|---|---|---|
r-devel-linux-x86_64-debian-clang | 0.1.0 | 3.21 | 36.66 | 39.87 | OK | |
r-devel-linux-x86_64-debian-gcc | 0.1.0 | 2.42 | 27.33 | 29.75 | OK | |
r-devel-linux-x86_64-fedora-clang | 0.1.0 | 49.68 | NOTE | |||
r-devel-linux-x86_64-fedora-gcc | 0.1.0 | 55.53 | NOTE | |||
r-devel-windows-x86_64 | 0.1.0 | 4.00 | 49.00 | 53.00 | OK | |
r-patched-linux-x86_64 | 0.1.0 | 2.39 | 34.13 | 36.52 | OK | |
r-release-linux-x86_64 | 0.1.0 | 2.26 | 33.36 | 35.62 | OK | |
r-release-macos-arm64 | 0.1.0 | 20.00 | OK | |||
r-release-windows-x86_64 | 0.1.0 | 5.00 | 50.00 | 55.00 | OK | |
r-oldrel-macos-arm64 | 0.1.0 | 22.00 | OK | |||
r-oldrel-macos-x86_64 | 0.1.0 | 28.00 | OK | |||
r-oldrel-windows-x86_64 | 0.1.0 | 5.00 | 52.00 | 57.00 | OK |
Version: 0.1.0
Check: dependencies in R code
Result: NOTE
Namespace in Imports field not imported from: ‘pander’
All declared Imports should be used.
Flavors: r-devel-linux-x86_64-fedora-clang, r-devel-linux-x86_64-fedora-gcc