Last updated on 2024-05-15 23:57:43 CEST.
Flavor | Version | Tinstall | Tcheck | Ttotal | Status | Flags |
---|---|---|---|---|---|---|
r-devel-linux-x86_64-debian-clang | 0.1.1 | 1.60 | 23.47 | 25.07 | NOTE | |
r-devel-linux-x86_64-debian-gcc | 0.1.1 | 1.57 | 17.98 | 19.55 | NOTE | |
r-devel-linux-x86_64-fedora-clang | 0.1.1 | 31.97 | NOTE | |||
r-devel-linux-x86_64-fedora-gcc | 0.1.1 | 34.64 | NOTE | |||
r-devel-windows-x86_64 | 0.1.1 | 2.00 | 41.00 | 43.00 | NOTE | |
r-patched-linux-x86_64 | 0.1.1 | 1.72 | 22.56 | 24.28 | NOTE | |
r-release-linux-x86_64 | 0.1.1 | 1.35 | 22.09 | 23.44 | NOTE | |
r-release-macos-arm64 | 0.1.1 | 14.00 | NOTE | |||
r-release-windows-x86_64 | 0.1.1 | 2.00 | 41.00 | 43.00 | NOTE | |
r-oldrel-macos-arm64 | 0.1.1 | 15.00 | OK | |||
r-oldrel-macos-x86_64 | 0.1.1 | 20.00 | OK | |||
r-oldrel-windows-x86_64 | 0.1.1 | 3.00 | 38.00 | 41.00 | OK |
Version: 0.1.1
Check: Rd files
Result: NOTE
checkRd: (-1) vietnamcode.Rd:28: Lost braces in \itemize; meant \describe ?
checkRd: (-1) vietnamcode.Rd:29: Lost braces in \itemize; meant \describe ?
checkRd: (-1) vietnamcode_data.Rd:10: Lost braces in \itemize; meant \describe ?
checkRd: (-1) vietnamcode_data.Rd:11: Lost braces in \itemize; meant \describe ?
checkRd: (-1) vietnamcode_data.Rd:12: Lost braces in \itemize; meant \describe ?
checkRd: (-1) vietnamcode_data.Rd:13: Lost braces in \itemize; meant \describe ?
checkRd: (-1) vietnamcode_data.Rd:14: Lost braces in \itemize; meant \describe ?
checkRd: (-1) vietnamcode_data.Rd:15: Lost braces in \itemize; meant \describe ?
checkRd: (-1) vietnamcode_data.Rd:16: Lost braces in \itemize; meant \describe ?
Flavors: r-devel-linux-x86_64-debian-clang, r-devel-linux-x86_64-debian-gcc, r-devel-linux-x86_64-fedora-clang, r-devel-linux-x86_64-fedora-gcc, r-devel-windows-x86_64, r-patched-linux-x86_64, r-release-linux-x86_64, r-release-macos-arm64, r-release-windows-x86_64
Version: 0.1.1
Check: data for non-ASCII characters
Result: NOTE
Note: found 60 marked UTF-8 strings
Flavors: r-devel-linux-x86_64-fedora-clang, r-devel-linux-x86_64-fedora-gcc