Last updated on 2024-05-15 23:57:43 CEST.
Flavor | Version | Tinstall | Tcheck | Ttotal | Status | Flags |
---|---|---|---|---|---|---|
r-devel-linux-x86_64-debian-clang | 1.1-4 | 47.83 | 647.69 | 695.52 | NOTE | |
r-devel-linux-x86_64-debian-gcc | 1.1-4 | 36.44 | 463.47 | 499.91 | NOTE | |
r-devel-linux-x86_64-fedora-clang | 1.1-4 | 894.20 | NOTE | |||
r-devel-linux-x86_64-fedora-gcc | 1.1-4 | 1031.78 | NOTE | |||
r-devel-windows-x86_64 | 1.1-4 | 40.00 | 394.00 | 434.00 | NOTE | |
r-patched-linux-x86_64 | 1.1-4 | 65.66 | 616.24 | 681.90 | NOTE | |
r-release-linux-x86_64 | 1.1-4 | 0.41 | 2.26 | 2.67 | ERROR | |
r-release-macos-arm64 | 1.1-4 | 184.00 | NOTE | |||
r-release-windows-x86_64 | 1.1-4 | 40.00 | 388.00 | 428.00 | NOTE | |
r-oldrel-macos-arm64 | 1.1-4 | 211.00 | OK | |||
r-oldrel-macos-x86_64 | 1.1-4 | 391.00 | OK | |||
r-oldrel-windows-x86_64 | 1.1-4 | 42.00 | 524.00 | 566.00 | OK |
Version: 1.1-4
Check: Rd files
Result: NOTE
checkRd: (-1) predict.SDMfit.Rd:23: Lost braces in \itemize; \value handles \item{}{} directly
checkRd: (-1) predict.SDMfit.Rd:24: Lost braces in \itemize; \value handles \item{}{} directly
Flavors: r-devel-linux-x86_64-debian-clang, r-devel-linux-x86_64-debian-gcc, r-devel-linux-x86_64-fedora-clang, r-devel-linux-x86_64-fedora-gcc, r-devel-windows-x86_64, r-patched-linux-x86_64, r-release-macos-arm64, r-release-windows-x86_64
Version: 1.1-4
Check: package dependencies
Result: NOTE
Package suggested but not available for checking: ‘intergraph’
Flavor: r-devel-linux-x86_64-debian-gcc
Version: 1.1-4
Check: package dependencies
Result: ERROR
Package required but not available: ‘rstanarm’
See section ‘The DESCRIPTION file’ in the ‘Writing R Extensions’
manual.
Flavor: r-release-linux-x86_64