Last updated on 2024-05-15 23:57:43 CEST.
Flavor | Version | Tinstall | Tcheck | Ttotal | Status | Flags |
---|---|---|---|---|---|---|
r-devel-linux-x86_64-debian-clang | 1.24.1 | 17.61 | 39.03 | 56.64 | OK | |
r-devel-linux-x86_64-debian-gcc | 1.24.1 | 16.97 | 29.68 | 46.65 | OK | |
r-devel-linux-x86_64-fedora-clang | 1.24.1 | 76.60 | NOTE | |||
r-devel-linux-x86_64-fedora-gcc | 1.24.1 | 80.69 | NOTE | |||
r-devel-windows-x86_64 | 1.24.1 | 23.00 | 63.00 | 86.00 | OK | |
r-patched-linux-x86_64 | 1.24.1 | 18.93 | 36.51 | 55.44 | OK | |
r-release-linux-x86_64 | 1.24.1 | 20.14 | 37.13 | 57.27 | OK | |
r-release-macos-arm64 | 1.24.1 | 36.00 | OK | |||
r-release-windows-x86_64 | 1.24.1 | 19.00 | 61.00 | 80.00 | OK | |
r-oldrel-macos-arm64 | 1.24.1 | 34.00 | OK | |||
r-oldrel-macos-x86_64 | 1.24.1 | 57.00 | OK | |||
r-oldrel-windows-x86_64 | 1.24.1 | 18.00 | 60.00 | 78.00 | OK |
Version: 1.24.1
Check: dependencies in R code
Result: NOTE
Namespace in Imports field not imported from: ‘methods’
All declared Imports should be used.
Flavors: r-devel-linux-x86_64-fedora-clang, r-devel-linux-x86_64-fedora-gcc